9*r**2 - 79*r - 52. Calculate b(6).
86
Let z(t) = t**2 + 10508*t - 326655. Determine z(31).
54
Let j(k) = -8484*k + 135651. Calculate j(16).
-93
Let c(k) = -k**3 - 569*k**2 - 3425*k - 26457. Determine c(-563).
4
Let c(h) = 6*h**2 - 266*h - 1568. Determine c(-6).
244
Let i(v) = 77*v**2 - 6380*v + 6379. Give i(1).
76
Let q(l) = -116*l + 18409. What is q(161)?
-267
Let b(c) = -c**3 - 25*c**2 + 266*c + 111. Give b(-32).
-1233
Let q(u) = -15*u**2 + 3220*u + 110074. What is q(-30)?
-26
Let t(d) = d**3 - 234*d**2 - 6533*d - 1496. Give t(-25).
-46
Let d(k) = 18*k**2 - 950*k - 1398. Calculate d(54).
-210
Let v(l) = -55*l**2 + 20056*l + 6972. What is v(365)?
37
Let o(v) = 2799*v + 11124. Determine o(-4).
-72
Let q(y) = -2*y**3 - 83*y**2 - 109*y + 200. Determine q(-39).
-3154
Let y(q) = -q**3 - 947*q**2 - 58*q - 151. Give y(0).
-151
Let k(l) = -45*l**2 - 3802*l - 1680. What is k(-84)?
168
Let d(c) = -580*c**2 - 21468*c - 280. Give d(-37).
16
Let x(i) = -i**3 - 172*i**2 - 5810*i - 12070. Calculate x(-127).
-5
Let o(m) = 1512*m + 58940. Calculate o(-39).
-28
Let k(p) = -p**3 + 130*p**2 - 8*p - 789. Give k(0).
-789
Let a(r) = 957*r - 46720. Calculate a(49).
173
Let u(m) = -109*m + 32502. Determine u(295).
347
Let m(f) = 237*f**2 + 3214*f - 27. Determine m(-14).
1429
Let t(b) = -1239*b + 462514. What is t(373)?
367
Let j(g) = 393960*g - 2363767. What is j(6)?
-7
Let o(k) = -1654*k - 5212. What is o(-5)?
3058
Let i(o) = -61*o**3 - 1218*o**2 + 57*o + 450. Give i(-20).
110
Let i(g) = 6315*g**2 - 37919*g + 172. What is i(6)?
-2
Let j(a) = -364*a**2 + 1878*a - 42. Calculate j(4).
1646
Let d(v) = 122*v**2 - 2299*v + 115. Give d(19).
476
Let t(b) = 4207*b - 2856554. Give t(679).
-1
Let w(a) = -a**3 + 64*a**2 + 649*a - 80. Give w(73).
-664
Let n(h) = -h**3 + 40*h**2 - 235*h - 120. Calculate n(33).
-252
Let d(s) = 2*s**3 + 16*s**2 + 119*s + 229. Determine d(-15).
-4706
Let x(s) = -2*s**3 - 579*s**2 - 288*s + 1288. What is x(-289)?
999
Let u(p) = 4392*p - 136107. Determine u(31).
45
Let o(u) = -u**3 + 9*u**2 - 17*u + 4. What is o(4)?
16
Let j(l) = l**3 + 16*l**2 - 83*l - 105. What is j(6)?
189
Let j(n) = -n**2 + 2554*n - 17836. Give j(7).
-7
Let f(o) = -3*o**2 + 40*o + 18393. Determine f(-72).
-39
Let j(a) = -15*a + 4224. Calculate j(291).
-141
Let m(i) = -52*i**2 + 468*i + 142. Calculate m(10).
-378
Let w(h) = 10*h**2 - 55621*h + 55620. Calculate w(1).
9
Let f(a) = -19*a**3 - 260*a**2 - 491*a + 51. Give f(-2).
145
Let f(a) = 28*a**3 + 26*a**2 + 6686*a + 6682. Calculate f(-1).
-6
Let k(s) = -724*s + 10906. Determine k(17).
-1402
Let t(d) = -238703*d + 9309424. What is t(39)?
7
Let i(g) = -g**3 - 133*g**2 - 1591*g - 4734. Give i(-8).
-6
Let w(v) = 18541*v + 148339. Determine w(-8).
11
Let t(p) = 3*p**3 - 96*p**2 - 403*p + 12943. Give t(32).
47
Let h(q) = -3278*q + 255698. Give h(78).
14
Let s(d) = -18*d + 3661. Determine s(203).
7
Let n(a) = 324*a + 1070. Give n(-1).
746
Let g(w) = w**3 + 379*w**2 + 1034*w - 35506. What is g(-376)?
-162
Let h(f) = -472*f**2 + 2171*f + 4349. Calculate h(-2).
-1881
Let t(b) = 2*b**2 - 296*b - 10830. Determine t(-31).
268
Let z(u) = -4*u**2 - 619*u + 498. Give z(-156).
-282
Let b(n) = n**3 + 20*n**2 + 202*n + 2. Calculate b(-10).
-1018
Let i(f) = f**2 + 29984*f + 3821558. Calculate i(-128).
-10
Let u(v) = 12*v**2 + 2935*v - 17698. Determine u(6).
344
Let p(l) = 30*l**2 + 570*l - 578. What is p(1)?
22
Let r(n) = 3*n**3 - 29*n**2 - 81*n + 1149. Calculate r(14).
2563
Let h(d) = d**3 + 18*d**2 - 80*d - 32. Calculate h(-23).
-837
Let w(c) = 32*c**2 - 303*c - 1898. What is w(-6)?
1072
Let q(k) = -k**2 + 2638*k + 1. What is q(0)?
1
Let b(m) = -m**3 + 21*m**2 + 274*m - 5724. Give b(21).
30
Let g(i) = -5*i**2 + 279*i + 87. What is g(56)?
31
Let v(b) = -6*b**3 + 161*b**2 - 1079*b + 133. Give v(12).
1
Let a(w) = -72914*w - 291643. Give a(-4).
13
Let o(m) = -9*m**3 - 360*m**2 + 108*m + 4162. Calculate o(-40).
-158
Let o(q) = 14805*q + 4989297. Calculate o(-337).
12
Let n(l) = 4*l**2 - 40*l + 1287. Determine n(0).
1287
Let g(l) = -32*l**2 - 417*l + 443. What is g(1)?
-6
Let k(m) = -23094*m + 1478045. Give k(64).
29
Let w(m) = -57*m**2 - 18239*m + 342. Calculate w(-320).
22
Let c(t) = -t**3 + 525*t**2 - 8117*t - 13772. Calculate c(509).
-29
Let w(n) = n**3 + 54*n**2 - 488*n - 28690. Give w(-53).
-17
Let v(g) = -g**2 + 482*g + 146330. Give v(-211).
107
Let h(m) = 5703*m + 112. Determine h(0).
112
Let v(o) = -70*o**2 - 8263*o - 16583. Calculate v(-116).
5
Let b(x) = -x**3 - 2239*x**2 - 15656*x - 226. What is b(-7)?
-2
Let t(m) = -159*m**2 + 96*m + 193. Give t(-2).
-635
Let b(w) = -5*w**3 + 527*w**2 - 215*w + 529. Determine b(105).
4
Let w(z) = -z**2 + 708*z - 124782. Give w(331).
5
Let s(j) = -j**2 + 1048*j - 8362. Give s(8).
-42
Let r(z) = 10089*z - 60708. Give r(6).
-174
Let i(j) = j**3 + 27*j**2 - 629*j - 170. What is i(15)?
-155
Let z(p) = -p**2 + 9514*p + 439761. What is z(-46)?
1
Let m(j) = 6298*j - 258065. Calculate m(41).
153
Let l(v) = -v**3 + 28*v**2 - 141*v + 60. Determine l(8).
212
Let a(n) = 3*n**2 - 471*n + 4335. Give a(148).
339
Let k(j) = -j**3 + 71*j**2 - 82*j + 1013. Give k(70).
173
Let o(f) = f**2 + 905*f - 23260. Calculate o(25).
-10
Let j(q) = q**2 + 439*q + 10242. Calculate j(-28).
-1266
Let q(j) = j**2 - 7*j - 1410. Determine q(-39).
384
Let b(n) = n**3 - 27*n**2 - 128*n + 1917. Determine b(29).
-113
Let v(c) = -31565*c + 69. Determine v(0).
69
Let r(u) = 6795*u - 930920. What is r(137)?
-5
Let d(k) = -2*k**3 - 983*k**2 + 467*k - 12317. Determine d(-492).
-17
Let i(d) = -6*d**3 - 349*d**2 - 728*d - 457. Give i(-56).
-457
Let n(v) = -2*v**3 + 2*v**2 + 21*v - 931. Give n(0).
-931
Let l(o) = -4887*o - 44266. Give l(-9).
-283
Let z(y) = 308*y + 7086. Give z(-19).
1234
Let k(s) = 187524*s + 375045. Calculate k(-2).
-3
Let p(k) = 2129*k - 76753. Give p(36).
-109
Let l(f) = -14*f**3 - 506*f**2 + 194*f + 9583. Give l(-36).
7
Let d(l) = l**3 - 9*l**2 - 169*l + 36. Give d(-11).
-525
Let l(v) = v**2 - 398*v + 30186. What is l(102)?
-6
Let a(l) = -16*l**2 - 227*l - 652. Give a(-5).
83
Let n(r) = -150425*r - 601707. Give n(-4).
-7
Let x(j) = -13*j**2 + 167*j + 1926. What is x(-11)?
-1484
Let a(l) = -246*l - 6771. Calculate a(-17).
-2589
Let b(i) = -2*i**2 + 321*i + 8014. Calculate b(-22).
-16
Let k(g) = -3*g**2 + 1482264*g + 2964532. Determine k(-2).
-8
Let p(k) = -3898*k - 124743. What is p(-32)?
-7
Let h(q) = 1032*q - 8391. Determine h(8).
-135
Let l(n) = -14*n**3 - 127*n**2 - 191*n - 538. Calculate l(-8).
30
Let x(h) = -h**3 - 22*h**2 - 137*h - 176. What is x(-10)?
-6
Let p(z) = -z**2 - 231*z - 4807. Calculate p(-204).
701
Let p(y) = -5*y**3 + 30*y**2 + 640*y - 3818. Give p(6).
22
Let h(y) = 2*y**3 + 1152*y**2 + 2300*y + 2312. Give h(-574).
16
Let h(o) = 4*o**3 + 11*o**2 - 632*o + 1220. What is h(10)?
0
Let j(t) = 146021*t - 8031158. What is j(55)?
-3
Let u(w) = 2*w**2 - 217*w - 3066. What is u(121)?
-41
Let p(l) = -81*l**2 + 1818*l + 5485. What is p(-3)?
-698
Let s(h) = 9*h**2 + 525*h + 655. What is s(-57)?
-29
Let v(u) = -4*u**2 - 637*u + 25828. Give v(33).
451
Let z(n) = -18795*n - 94739. What is z(-5)?
-764
Let p(m) = -2*m**2 - 27*m + 959. What is p(30)?
-1651
Let o(b) = -43*b**2 + 7202*b + 3718. Give o(168).
22
Let s(t) = 1427*t + 495161. Give s(-347).
-8
Let z(r) = -34075*r - 101912. Determine z(-3).
313
Let h(k) = 512754*k - 3589301. Calculate h(7).
-23
Let o(j) = j**2 + 81*j - 30296. Calculate o(-219).
-74
Let i(z) = z**3 - 63*z**2 - 1331*z + 78086. Calculate i(65).
21
Let f(g) = -713*g**2 - 27*g - 49. Calculate f(-2).
-2847
Let h(k) = 1899*k + 144029. Give h(-76).
-295
Let f(t) = t**3 + 49*t**2 + 1496*t + 77294. Give f(-50).
-6
Let g(z) = z**3 - 112*z**2 - 12*z - 11383. Determine g(113).
30
Let n(m) = m**2 + 237*m + 14262. Give n(-166).
2476
Let u(d) = -4*d - 329. Calculate u(-65).
-69
Let v(j) = 6604*j + 1591569. What is v(-241)?
5
Let j(f) = -f**3 - 21*f**2 + 72*f - 489. Calculate j(-25).
211
Let u(n) = -601*n + 1297. Give u(4).
-1107
Let j(a) = 4*a**2 - 942*a + 16045. Determine j(217).
-13
Let u(j) = -6124*j + 306203. What is u(50)?
3
Let j(c) = -4*c**2 - 352*c + 1466. Determine j(-92).
-6
Let w(i) = 37*i**2 + 2301*i - 4608. Determine w(2).
142
Let d(o) = -5003*o**2 - 95058*o - 18. Give d(-19).
1
Let d(q) = -109804*q - 53803